{"id":22,"date":"2022-02-19T16:38:32","date_gmt":"2022-02-19T16:38:32","guid":{"rendered":"https:\/\/themerain.com\/demo\/facade\/?page_id=22"},"modified":"2026-03-10T14:44:18","modified_gmt":"2026-03-10T13:44:18","slug":"about","status":"publish","type":"page","link":"https:\/\/florianbai.com\/index.php\/about\/","title":{"rendered":"About"},"content":{"rendered":"\n<div class=\"wp-block-columns alignfull is-layout-flex wp-container-core-columns-is-layout-9d6595d7 wp-block-columns-is-layout-flex\">\n<div class=\"wp-block-column is-layout-flow wp-block-column-is-layout-flow\" style=\"flex-basis:20%\"><\/div>\n\n\n\n<div class=\"wp-block-column is-layout-flow wp-block-column-is-layout-flow\" style=\"flex-basis:60%\">\n<p class=\"has-medium-font-size\">Bonjour !<\/p>\n\n\n\n<div style=\"height:30px\" aria-hidden=\"true\" class=\"wp-block-spacer\"><\/div>\n\n\n\n<h1 class=\"wp-block-heading has-huge-font-size\" id=\"we-re-a-creative-team-of-designers-developers-who-driven-by-passion\" style=\"font-style:normal;font-weight:700\">Moi, c\u2019est Florian. Graphiste depuis plus de 13 ans \ud83d\uddb1\ufe0f, pianiste amateur \ud83c\udfb9, geek \ud83c\udfae\u2026<\/h1>\n\n\n\n<div style=\"height:30px\" aria-hidden=\"true\" class=\"wp-block-spacer\"><\/div>\n\n\n\n<p class=\"has-medium-font-size\">Organis\u00e9, autonome et cr\u00e9atif, j&rsquo;ai toujours eu \u00e0 c\u0153ur de proposer des outils de communication percutants. Actuellement en poste depuis plus de 10 ans au sein d\u2019une agence d\u00e9di\u00e9e \u00e0 la communication sant\u00e9 dans le Vaucluse, je reste ouvert \u00e0 de nouvelles opportunit\u00e9s et projets passionnants !<\/p>\n<\/div>\n\n\n\n<div class=\"wp-block-column is-layout-flow wp-block-column-is-layout-flow\" style=\"flex-basis:20%\"><\/div>\n<\/div>\n\n\n\n<div style=\"height:40px\" aria-hidden=\"true\" class=\"wp-block-spacer\"><\/div>\n\n\n\n<div class=\"alignfull wp-block-themerain-slider\">\n\t<div class=\"swiper\" data-columns=\"2\" data-columns-tablet=\"2\" data-columns-mobile=\"1\" data-space=\"100\" data-space-tablet=\"30\" data-space-mobile=\"30\" data-loop=\"\" data-autoplay=\"1\" data-center=\"1\">\n\t\t<div class=\"swiper-wrapper\">\n\t\t\t\t\t\t\t<div class=\"swiper-slide\" style=\"aspect-ratio: 4\/3;\">\n\t\t\t\t\t<img loading=\"lazy\" decoding=\"async\" width=\"1934\" height=\"1500\" src=\"https:\/\/florianbai.com\/wp-content\/uploads\/2024\/05\/me.jpg\" class=\"attachment-full size-full\" alt=\"\" srcset=\"https:\/\/florianbai.com\/wp-content\/uploads\/2024\/05\/me.jpg 1934w, https:\/\/florianbai.com\/wp-content\/uploads\/2024\/05\/me-768x596.jpg 768w, https:\/\/florianbai.com\/wp-content\/uploads\/2024\/05\/me-1536x1191.jpg 1536w\" sizes=\"auto, (max-width: 1934px) 100vw, 1934px\" \/>\t\t\t\t<\/div>\n\t\t\t\t\t\t\t<div class=\"swiper-slide\" style=\"aspect-ratio: 4\/3;\">\n\t\t\t\t\t<img loading=\"lazy\" decoding=\"async\" width=\"1000\" height=\"754\" src=\"https:\/\/florianbai.com\/wp-content\/uploads\/2024\/04\/slider_1.jpg\" class=\"attachment-full size-full\" alt=\"\" srcset=\"https:\/\/florianbai.com\/wp-content\/uploads\/2024\/04\/slider_1.jpg 1000w, https:\/\/florianbai.com\/wp-content\/uploads\/2024\/04\/slider_1-768x579.jpg 768w\" sizes=\"auto, (max-width: 1000px) 100vw, 1000px\" \/>\t\t\t\t<\/div>\n\t\t\t\t\t\t\t<div class=\"swiper-slide\" style=\"aspect-ratio: 4\/3;\">\n\t\t\t\t\t<img loading=\"lazy\" decoding=\"async\" width=\"1200\" height=\"905\" src=\"https:\/\/florianbai.com\/wp-content\/uploads\/2024\/05\/slider_2ok.jpg\" class=\"attachment-full size-full\" alt=\"\" srcset=\"https:\/\/florianbai.com\/wp-content\/uploads\/2024\/05\/slider_2ok.jpg 1200w, https:\/\/florianbai.com\/wp-content\/uploads\/2024\/05\/slider_2ok-768x579.jpg 768w\" sizes=\"auto, (max-width: 1200px) 100vw, 1200px\" \/>\t\t\t\t<\/div>\n\t\t\t\t\t<\/div>\n\t<\/div>\n<\/div>\n\n\n\n<div style=\"height:40px\" aria-hidden=\"true\" class=\"wp-block-spacer\"><\/div>\n\n\n\n<div class=\"wp-block-columns alignfull is-layout-flex wp-container-core-columns-is-layout-9d6595d7 wp-block-columns-is-layout-flex\">\n<div class=\"wp-block-column is-layout-flow wp-block-column-is-layout-flow\" style=\"flex-basis:20%\"><\/div>\n\n\n\n<div class=\"wp-block-column is-layout-flow wp-block-column-is-layout-flow\" style=\"flex-basis:60%\">\n<p class=\"has-medium-font-size\">Mes comp\u00e9tences me permettent de r\u00e9pondre \u00e0 un grand nombre de demandes :<\/p>\n\n\n\n<div class=\"wp-block-columns is-layout-flex wp-container-core-columns-is-layout-9d6595d7 wp-block-columns-is-layout-flex\">\n<div class=\"wp-block-column is-layout-flow wp-block-column-is-layout-flow\">\n<p>Identit\u00e9 de marque<br>Charte graphique<br>Motion design<br>Packaging<\/p>\n<\/div>\n\n\n\n<div class=\"wp-block-column is-layout-flow wp-block-column-is-layout-flow\">\n<p>\u00c9tiquettes de vin<br>Documents print<br>Outils digitaux<br>Concepts publicitaires<\/p>\n<\/div>\n\n\n\n<div class=\"wp-block-column is-layout-flow wp-block-column-is-layout-flow\">\n<p>Illustration<br>Signal\u00e9tique<br>Banni\u00e8res\/emailings<br>et plus\u2026<\/p>\n<\/div>\n<\/div>\n<\/div>\n\n\n\n<div class=\"wp-block-column is-layout-flow wp-block-column-is-layout-flow\" style=\"flex-basis:20%\"><\/div>\n<\/div>\n\n\n\n<div style=\"height:50px\" aria-hidden=\"true\" class=\"wp-block-spacer\"><\/div>\n\n\n\n<div class=\"wp-block-columns alignfull is-layout-flex wp-container-core-columns-is-layout-9d6595d7 wp-block-columns-is-layout-flex\">\n<div class=\"wp-block-column is-layout-flow wp-block-column-is-layout-flow\" style=\"flex-basis:20%\">\n<p><\/p>\n<\/div>\n\n\n\n<div class=\"wp-block-column no-text-decoration is-layout-flow wp-block-column-is-layout-flow\" style=\"flex-basis:60%\">\n<p>Suivez-moi !<\/p>\n\n\n\n<p class=\"has-large-font-size\"><a href=\"https:\/\/www.linkedin.com\/in\/florian-ba%C3%AF-53370335\/\" target=\"_blank\" rel=\"noreferrer noopener\">Linkedin \u2197<\/a><br><a href=\"https:\/\/www.instagram.com\/imfloob\/\" target=\"_blank\" rel=\"noreferrer noopener\">Instagram \u2197<\/a><\/p>\n<\/div>\n\n\n\n<div class=\"wp-block-column is-layout-flow wp-block-column-is-layout-flow\" style=\"flex-basis:20%\"><\/div>\n<\/div>\n\n\n\n<p><\/p>\n","protected":false},"excerpt":{"rendered":"<p>Bonjour ! Moi, c\u2019est Florian. Graphiste depuis plus de 13 ans \ud83d\uddb1\ufe0f, pianiste amateur \ud83c\udfb9, geek \ud83c\udfae\u2026 Organis\u00e9, autonome et cr\u00e9atif, j&rsquo;ai toujours eu \u00e0 c\u0153ur de proposer des outils de communication percutants. Actuellement en poste depuis plus de 10 ans au sein d\u2019une agence d\u00e9di\u00e9e \u00e0 la communication sant\u00e9 dans le Vaucluse, je reste<\/p>\n","protected":false},"author":1,"featured_media":0,"parent":0,"menu_order":0,"comment_status":"closed","ping_status":"closed","template":"","meta":{"footnotes":""},"class_list":["post-22","page","type-page","status-publish","hentry","is-aos"],"_links":{"self":[{"href":"https:\/\/florianbai.com\/index.php\/wp-json\/wp\/v2\/pages\/22","targetHints":{"allow":["GET"]}}],"collection":[{"href":"https:\/\/florianbai.com\/index.php\/wp-json\/wp\/v2\/pages"}],"about":[{"href":"https:\/\/florianbai.com\/index.php\/wp-json\/wp\/v2\/types\/page"}],"author":[{"embeddable":true,"href":"https:\/\/florianbai.com\/index.php\/wp-json\/wp\/v2\/users\/1"}],"replies":[{"embeddable":true,"href":"https:\/\/florianbai.com\/index.php\/wp-json\/wp\/v2\/comments?post=22"}],"version-history":[{"count":53,"href":"https:\/\/florianbai.com\/index.php\/wp-json\/wp\/v2\/pages\/22\/revisions"}],"predecessor-version":[{"id":2430,"href":"https:\/\/florianbai.com\/index.php\/wp-json\/wp\/v2\/pages\/22\/revisions\/2430"}],"wp:attachment":[{"href":"https:\/\/florianbai.com\/index.php\/wp-json\/wp\/v2\/media?parent=22"}],"curies":[{"name":"wp","href":"https:\/\/api.w.org\/{rel}","templated":true}]}}